{"id":12,"date":"2013-04-05T15:44:20","date_gmt":"2013-04-05T15:44:20","guid":{"rendered":"http:\/\/www.eslbauer.com\/eslbauer_wp\/?page_id=12"},"modified":"2023-10-20T10:46:34","modified_gmt":"2023-10-20T08:46:34","slug":"impressum","status":"publish","type":"page","link":"http:\/\/www.eslbauer.com\/eslbauer_wp\/?page_id=12","title":{"rendered":"Kontakt \/ Impressum"},"content":{"rendered":"<p style=\"text-align: left;\">Ing. Mag. Johann Eslbauer<a href=\"http:\/\/www.eslbauer.com\/eslbauer_wp\/wp-content\/uploads\/2013\/04\/Hans_sepia_100x128.jpg\"><img loading=\"lazy\" decoding=\"async\" class=\"alignright size-full wp-image-226\" src=\"http:\/\/www.eslbauer.com\/eslbauer_wp\/wp-content\/uploads\/2013\/04\/Hans_sepia_100x128.jpg\" alt=\"Hans_sepia_100x128\" width=\"104\" height=\"127\" \/><\/a><br \/>\nBusiness Analyse, Prozessmanagement, Unternehmensberatung<\/p>\n<p>T: +43 650 42 080 42<br \/>\nM: johann@eslbauer.com<br \/>\nA:\u00a0Vorgartenstra\u00dfe 221\/3\/3,\u00a01020 Wien<\/p>\n<p>Firmensitz<br \/>\nHufnagl 8<br \/>\n5271 Moosbach<\/p>\n<p>UID ATU56502779<br \/>\nGLN: 9110004342004<\/p>\n<p>Raiffeisenbank Moosbach<a href=\"http:\/\/www.eslbauer.com\/eslbauer_wp\/wp-content\/uploads\/2013\/04\/qrcode.png\"><img loading=\"lazy\" decoding=\"async\" class=\"alignright size-medium wp-image-260\" src=\"http:\/\/www.eslbauer.com\/eslbauer_wp\/wp-content\/uploads\/2013\/04\/qrcode-300x300.png\" alt=\"qrcode\" width=\"106\" height=\"106\" srcset=\"http:\/\/www.eslbauer.com\/eslbauer_wp\/wp-content\/uploads\/2013\/04\/qrcode-300x300.png 300w, http:\/\/www.eslbauer.com\/eslbauer_wp\/wp-content\/uploads\/2013\/04\/qrcode-150x150.png 150w, http:\/\/www.eslbauer.com\/eslbauer_wp\/wp-content\/uploads\/2013\/04\/qrcode.png 530w\" sizes=\"(max-width: 106px) 100vw, 106px\" \/><\/a><br \/>\nBlz\u00a0\u00a0\u00a0 34030<br \/>\nKto\u00a0\u00a0\u00a0 511824<br \/>\nIBAN\u00a0 AT36 3403 0000 0051 1824<br \/>\nBIC\u00a0\u00a0\u00a0 RZOOAT2L030<\/p>\n<p><a title=\"Impressum bei WKO\" href=\"http:\/\/firmen.wko.at\/Web\/DetailsInfos.aspx?FirmaID=40c114b0-c670-4722-871f-439db9138879\" target=\"_blank\" rel=\"noopener\"><img loading=\"lazy\" decoding=\"async\" class=\"alignnone size-full wp-image-69\" src=\"http:\/\/www.eslbauer.com\/eslbauer_wp\/wp-content\/uploads\/2013\/04\/wko_impressum1.gif\" alt=\"wko_impressum\" width=\"169\" height=\"23\" \/><\/a><\/p>\n<p><strong>Haftungsausschluss<\/strong><br \/>\nEs wird keine Haftung f\u00fcr die Inhalte externer Links \u00fcbernommen. F\u00fcr den Inhalt der verlinkten Seiten sind ausschlie\u00dflich deren Betreiber verantwortlich.<\/p>\n<p>Diese Seite verwendet Google Analytics<\/p>\n<div class=\"dataPrivacyPreviewBox blockStandout blockStandoutBorder spaceItem\" data-match-height=\"privacy\">\n<p><strong>Allgemeine Datenschutzerkl\u00e4rung<\/strong><\/p>\n<p>Durch die Nutzung unserer Website erkl\u00e4ren Sie sich mit der Erhebung, Verarbeitung und Nutzung von Daten gem\u00e4\u00df der nachfolgenden Beschreibung einverstanden. Unsere Website kann grunds\u00e4tzlich ohne Registrierung besucht werden. Dabei werden Daten wie beispielsweise aufgerufene Seiten bzw. Namen der abgerufenen Datei, Datum und Uhrzeit zu statistischen Zwecken auf dem Server gespeichert, ohne dass diese Daten unmittelbar auf Ihre Person bezogen werden. Personenbezogene Daten, insbesondere Name, Adresse oder E-Mail-Adresse werden soweit m\u00f6glich auf freiwilliger Basis erhoben. Ohne Ihre Einwilligung erfolgt keine Weitergabe der Daten an Dritte.<\/p>\n<p><em>Quelle: <a href=\"https:\/\/www.anwalt.de\/vorlage\/muster-datenschutzerklaerung.php\">Muster-Datenschutzerkl\u00e4rung von anwalt.de<\/a><\/em><\/p>\n<\/div>\n","protected":false},"excerpt":{"rendered":"<p>Ing. Mag. Johann Eslbauer Business Analyse, Prozessmanagement, Unternehmensberatung T: +43 650 42 080 42 M: johann@eslbauer.com A:\u00a0Vorgartenstra\u00dfe 221\/3\/3,\u00a01020 Wien Firmensitz Hufnagl 8 5271 Moosbach UID ATU56502779 GLN: 9110004342004 Raiffeisenbank Moosbach Blz\u00a0\u00a0\u00a0 34030 Kto\u00a0\u00a0\u00a0 511824 IBAN\u00a0 AT36 3403 0000 0051 1824 <span class=\"excerpt-dots\">&hellip;<\/span> <a class=\"more-link\" href=\"http:\/\/www.eslbauer.com\/eslbauer_wp\/?page_id=12\"><span class=\"more-msg\">Continue reading &rarr;<\/span><\/a><\/p>\n","protected":false},"author":1,"featured_media":0,"parent":0,"menu_order":0,"comment_status":"closed","ping_status":"closed","template":"","meta":{"footnotes":""},"_links":{"self":[{"href":"http:\/\/www.eslbauer.com\/eslbauer_wp\/index.php?rest_route=\/wp\/v2\/pages\/12"}],"collection":[{"href":"http:\/\/www.eslbauer.com\/eslbauer_wp\/index.php?rest_route=\/wp\/v2\/pages"}],"about":[{"href":"http:\/\/www.eslbauer.com\/eslbauer_wp\/index.php?rest_route=\/wp\/v2\/types\/page"}],"author":[{"embeddable":true,"href":"http:\/\/www.eslbauer.com\/eslbauer_wp\/index.php?rest_route=\/wp\/v2\/users\/1"}],"replies":[{"embeddable":true,"href":"http:\/\/www.eslbauer.com\/eslbauer_wp\/index.php?rest_route=%2Fwp%2Fv2%2Fcomments&post=12"}],"version-history":[{"count":26,"href":"http:\/\/www.eslbauer.com\/eslbauer_wp\/index.php?rest_route=\/wp\/v2\/pages\/12\/revisions"}],"predecessor-version":[{"id":2292,"href":"http:\/\/www.eslbauer.com\/eslbauer_wp\/index.php?rest_route=\/wp\/v2\/pages\/12\/revisions\/2292"}],"wp:attachment":[{"href":"http:\/\/www.eslbauer.com\/eslbauer_wp\/index.php?rest_route=%2Fwp%2Fv2%2Fmedia&parent=12"}],"curies":[{"name":"wp","href":"https:\/\/api.w.org\/{rel}","templated":true}]}}